h = 4*z, 5*z + 2*w - 18 = 0. Suppose -o = -5*r - z, 0*o - 2*r - 28 = 4*o. Let t(d) = d**3 + 5*d**2 - 8*d - 9. What is t(o)?
3
Suppose 5*r - x = -34, 2*r = 6*x - 4*x - 20. Let y(i) be the first derivative of -i**2/2 - 8*i - 20. Calculate y(r).
-2
Let m = 85 + -81. Let r(l) = 5*l - 2. What is r(m)?
18
Let h(u) = -u**2 - 11*u + 6. Let m be h(-11). Let i = m - 8. Let y(q) = -2 - 3*q**2 - q**3 + 2 + q. Determine y(i).
-6
Let x(v) = v**2 + v + 8. Suppose -c + 1 - 7 = -2*y, 3*y - 9 = -2*c. What is x(c)?
8
Let h(i) = -i**2 - 5*i + 5. Let b be (-1)/(-4) + (-294)/56. Give h(b).
5
Suppose 4*y - 7 = 13. Let t be y/(-3*1/(-3)). Let w(n) = -n**3 + 5*n**2 + 2*n + 4. Determine w(t).
14
Let s(v) = -v**2 + 6*v - 7. Let w be s(5). Let f(b) = -2*b**2 - 2*b - 2. Let h be f(w). Let i(c) = -c + 1. Determine i(h).
7
Let i(j) = -j**2 + 2*j + 0*j**2 - j + 1 + j**3. Let k be -1 - (-1 + 0) - 1. Let r(b) = -7*b**3 + 12*b**2 - 13*b - 2. Let u(p) = k*r(p) - 6*i(p). What is u(5)?
6
Let p(a) be the first derivative of a**7/840 + a**6/120 - 7*a**5/120 - a**4/4 - 8*a**3/3 + 4. Let d(n) be the third derivative of p(n). What is d(-4)?
6
Let h(g) = g**2 - 4*g + 5. Let p be h(4). Let u = 8 - p. Suppose -u = -2*v + 1. Let l(t) = -t**3 + 2*t**2 - 2*t + 3. Give l(v).
-1
Let p = 1 - -2. Let b(a) be the first derivative of -3 + 3/2*a**2 + 1/4*a**4 - a**3 - 3*a. Give b(p).
6
Let q(o) = -o**2 + 6*o - 7. Let x be q(5). Let d(w) = -w**2 - 4*w - 1. Let i be d(x). Let l(z) = -4*z + 4. Determine l(i).
-8
Let k(g) = -2*g - 1106*g**2 + 3*g + 1095*g**2. Calculate k(-1).
-12
Let u(f) be the second derivative of f**4/12 - f**3/2 - 2*f**2 - 2*f. Let m(v) = 4 + 1 - 2 - v. Let w be m(0). Calculate u(w).
-4
Let v(r) be the third derivative of r**7/840 + r**5/40 + r**4/8 - r**3/6 - 2*r**2. Let t(p) be the first derivative of v(p). Give t(-2).
-11
Let z(q) = q - 1. Suppose -f - 10 = -4*v + 2, -4*v = -16. Suppose -f*n + n - 2*w - 7 = 0, -5*n - 33 = -2*w. Let i = n + 7. Determine z(i).
1
Suppose 11*x - 6*x = 15. Let h(n) = n + 9. Let g(q) = -q - 4. Let w(v) = x*h(v) + 5*g(v). Determine w(5).
-3
Let o(f) = f**3 + 4*f**2 - 5*f + 2. Let b be o(-5). Let w(g) = g - 3. Give w(b).
-1
Let b = 3 - -1. Let h(m) = -2*m**3 - 5*m**2 + m + 4. Let j(g) = g**3 + 5*g**2 - 2*g - 4. Let p(y) = -2*h(y) - 3*j(y). Give p(b).
4
Let m(o) = o**2 - o + 10. Let a be (-54)/(-9)*(-2)/(-6). Let b = a - 2. What is m(b)?
10
Let a(o) = 6*o + 26. Let y(c) = -5*c + c + 3*c - 1 - 4. Let k(n) = -3*a(n) - 16*y(n). Let g(t) = t. Let s be g(-3). What is k(s)?
8
Suppose -5*p + 75 = -0*p. Let j(v) = -2*v + 0*v**2 + p*v**3 - 16*v**3 + 3*v**2. Determine j(2).
0
Suppose -5*w - z = -3, -3*w + 4*z + 4 + 7 = 0. Let k(v) = 3*v + 4*v**2 - v - 3 + 2. Give k(w).
5
Let k(m) = -m**2 - 5*m + 7. Suppose -u + 1 = -p - 1, 2*p - 3*u = -4. Let n be (2 - 10) + 0 - p. Determine k(n).
1
Suppose -6 - 3 = 9*p. Let t(n) = -6*n**2 - n - 1. Determine t(p).
-6
Suppose -2*y + y = -t, y + 5 = 0. Let u = -12 + 7. Let s be t + 0/(u - -2). Let p(n) = n**3 + 4*n**2 - 4*n + 5. What is p(s)?
0
Let l(z) = -8*z. Let c be (((-52)/(-12))/(-1) + 4)*-9. Give l(c).
-24
Let m(r) = -4*r**2 + 2*r - 1. Let i be 6 - (5 - (4 + 3/(-1))). Determine m(i).
-13
Let d = 0 - 9. Let x be (3/9)/((-3)/d). Let j(m) = -3*m**2 - m**3 - 1 - 4*m**3 + 5*m**2. What is j(x)?
-4
Let x = 31 + -28. Let r(b) be the third derivative of 0*b**4 + 0*b - 1/120*b**6 - 1/3*b**x + 2*b**2 + 1/20*b**5 + 0. What is r(2)?
2
Let y(f) = f**3 + 2*f**2 - f - 1. Let x be (14/(-4))/(-7)*2. Suppose -5*b - 6 = -x. Calculate y(b).
1
Suppose g - 6 = 4*g. Let w(f) = f**3 + f**2 - 2*f - 2. Calculate w(g).
-2
Suppose -2*k - 5 = 3*s, 2*k + 6 = -0*k - 2*s. Let g(h) = 4*h**2 - 4*h - 2. Let a(x) = -3*x**2 + 4*x + 2. Let r(t) = k*g(t) - 5*a(t). Determine r(-4).
-2
Let o(s) = s**3 + 3*s**2 - s - 3. Let i be o(-3). Let u(j) = 7*j**3 + 2*j**2 - j - 1. Let r be u(1). Let w(k) = -6*k + 5*k - r*k + i*k. Give w(-1).
8
Suppose 0 = 5*l - 3*i - 16, 6 = l - i - i. Let a(c) = 1 - 5 - l + 5 - c. Give a(0).
-1
Suppose -5*h + 44 = 5*u + 4, -7 = -4*u + h. Suppose u = 5*v - 12. Let t(c) = -c**v - 2 + 2*c**2 + 2*c**3 - 3*c**2. What is t(2)?
2
Let c(m) = 3*m**3 - 4*m**3 + 6 - m - 6*m + 4*m**2 + m**2. Calculate c(4).
-6
Let w(d) = -d - 1. Let n(a) = 2*a - 8. Let t be n(5). Suppose t*f = 4*j - 7 - 7, 2*j = 2*f + 12. Determine w(f).
4
Let v(a) = a**2 + 8*a + 8. Suppose 2*y = -c - 11, -5*y - 40 = 3*c - 13. Give v(y).
-4
Let r(o) be the first derivative of 1/3*o**3 + o + 0*o**2 + 4. What is r(2)?
5
Let a(o) = -o**2 + 2*o - 1. Let d(r) = -4*r**2 + 9*r - 6. Let g(y) = 11*a(y) - 2*d(y). Determine g(4).
-31
Let c be (-48)/168 + 52/(-14). Let b(x) = -2*x - 10. Let g(m) = -m - 5. Let y(o) = -4*b(o) + 9*g(o). Calculate y(c).
-1
Let v(o) = 2*o**2 - 5*o + 3. Let u(x) = -6*x**2 + 14*x - 8. Let t(m) = -5*u(m) - 14*v(m). Determine t(-2).
6
Let l be 2 + 2 + -2 + 0. Let p(w) = -w**3 + 3*w**2 - 3*w + 2. Give p(l).
0
Let d(o) be the second derivative of o**5/20 - 5*o**4/12 - 7*o**3/6 + o**2/2 + 9*o. Determine d(6).
-5
Let v(w) = -w - 1. Let h(o) = -4*o - 9. Let b(y) = h(y) - 3*v(y). What is b(5)?
-11
Let m be 2/(-7) - (-9)/7. Let i be ((-9)/(-15))/(m/5). Suppose 0 = -4*x - i*k, k = -3*x + 5*k. Let v(h) = h**3 + h**2 - 8. Give v(x).
-8
Let l(s) = 4*s + 3. Let v(z) = z + 1. Let n = 4 - 2. Suppose -y - 3*h + 0*h = -14, 3*y = -n*h + 7. Let p(a) = y*l(a) + 3*v(a). Determine p(-1).
1
Suppose -j = -5*t - 0*j + 20, -3*j - 30 = -5*t. Let s(b) = -5 + 2*b**3 - 4 - b**3 - 5*b**2 + 5*b + 6. What is s(t)?
-6
Let i(l) = 5*l**2 - 4 - 3*l**2 - l**2 + 8*l - 1. Let a be i(-9). Let q(d) = -3*d - 20. Let h(z) = z + 7. Let b(w) = -17*h(w) - 6*q(w). Calculate b(a).
5
Let t(d) = 3*d**2 - 10*d - 2. Let k(r) = -2*r**2 + 7*r + 1. Let q(l) = -8*k(l) - 5*t(l). Let h(o) = 3*o + 23. Let p be h(-7). Suppose p*m = 9 + 1. Give q(m).
-3
Let q(w) = -4*w + 1. Let b(k) = k - 4. Suppose 2*z + 3*m - 24 = 0, 0 = 2*z - 2*m - 4. Let p be b(z). Determine q(p).
-7
Let s(y) = -y**3 + 7*y**2 + y - 9. Let d be s(7). Let h = 1 - d. Let a(u) = -2*u**2 + 5*u - 3. Calculate a(h).
-6
Suppose -3*s + 15 = -0. Suppose -2*l + s*l = 9. Let d(n) = -n + 1. Give d(l).
-2
Let v(j) = -j**2 + 5*j - 7. Let u be v(5). Let y(l) = l**3 + 2*l**2 - 8*l - 12. Let x(z) = -z**3 - z**2 + 8*z + 13. Let t(g) = -4*x(g) - 5*y(g). Give t(u).
1
Let f(p) = p**3 + 5*p**2 - 6*p - 6. Suppose -4 = z + 2. Let y be f(z). Let u(b) = b**3 + 5*b**2 - 4*b + 3. Calculate u(y).
-9
Let b(a) = 2*a + 2. Let h(i) = -7*i**2 + 7*i + 4. Let c(k) = -10*k**2 + 10*k + 6. Let d(r) = -5*c(r) + 7*h(r). Suppose 2*y - y = -0*y. Let q be d(y). Give b(q).
-2
Let x(f) be the first derivative of 1/2*f**2 + 1 + 5*f. What is x(0)?
5
Let z(k) be the first derivative of -k**3/3 - k**2/2 + 4*k + 10. Determine z(0).
4
Let n = -1 + 4. Suppose -2*u = -2*h - 4*u - 8, -h + 5*u - 10 = 0. Let s(k) = -5*k + 4. Let z(q) = 6*q - 5. Let v(p) = h*s(p) - 4*z(p). Give v(n).
3
Let h(o) = -o - 1. Let c(v) = -2*v - 2. Let r(s) = -c(s) + 3*h(s). Let b(f) = f**2 - 5*f + 3. Let w be (-11)/(-3) - 2/3. Let p be b(w). Give r(p).
2
Let b(v) = v**2 - v + 5. Let o(w) = w**2 + 9*w - 6. Let n be o(-8). Let j = 8 + n. Let p = j + 6. Calculate b(p).
5
Let u(l) be the second derivative of l**5/20 + l**4/2 - l**3/3 - 4*l**2 - 7*l. Give u(-6).
4
Let s(j) be the third derivative of j**6/120 - j**5/10 - j**4/4 - j**3/6 - 6*j**2. Determine s(7).
6
Let b(o) = 2*o**2 - 5 + o - 3*o**2 + 0*o. Calculate b(0).
-5
Let k(v) = -v - 6*v**3 + 16*v**3 + 0*v**3. What is k(1)?
9
Suppose -5 - 15 = -5*w. Let x(j) = -w*j + 4*j - 12 + j + 5. Calculate x(0).
-7
Let x be -3*(-4)/(-9)*-3. Suppose x = s, 6*i + 4*s - 32 = 2*i. Let a(j) = -j**2 + 5*j - 6. Let u be a(i). Let d(l) = l**3 - 2*l - 2. Determine d(u).
-6
Let h(m) = -4*m**2 + 7*m + 1. Let b(t) = 5*t**2 - 7*t. Let o(a) = 5*b(a) + 6*h(a). Determine o(-5).
-4
Let l(c) = c - 1. Let o(q) = -6*q + 4. Let m(v) = -3*l(v) - o(v). Suppose 0 = 3*i - 12. Let n = i - 3. Determine m(n).
2
Let i(q) be the second derivative of -q**5/60 + q**4/6 - 2*q**3/3 + q**2 + 5*q. Let h(f) be the first derivative of i(f). Give h(5).
-9
Let f(b) = 0 + b**3 - 10*b**2 + 11*b**2 - 2*b - 3 + 0. Calculate f(-3).
-15
Let r(l) be the third derivative of 4*l**2 + 1/60*l**5 + 0 - 1/120*l**6 + 0*l**4 - 5/6*l**3 + 0*l. Determine r(0